ded by 1818.
5
Calculate the remainder when 7862 is divided by 2160.
1382
Calculate the remainder when 1430840 is divided by 2262.
1256
Calculate the remainder when 252982459 is divided by 545.
544
What is the remainder when 186821 is divided by 291?
290
What is the remainder when 77343316 is divided by 8?
4
Calculate the remainder when 339564 is divided by 1865.
134
What is the remainder when 484468 is divided by 202?
72
Calculate the remainder when 308095 is divided by 415.
165
Calculate the remainder when 6574 is divided by 139.
41
Calculate the remainder when 2749049 is divided by 82.
81
Calculate the remainder when 65996513 is divided by 45.
8
Calculate the remainder when 64416344 is divided by 3789196.
12
Calculate the remainder when 421581 is divided by 60078.
1035
What is the remainder when 491600 is divided by 5584?
208
Calculate the remainder when 124059275 is divided by 492.
491
What is the remainder when 389175 is divided by 27?
24
Calculate the remainder when 32547758 is divided by 451.
441
Calculate the remainder when 28929249 is divided by 4890.
9
What is the remainder when 8651932 is divided by 55?
47
What is the remainder when 10294079 is divided by 467?
465
Calculate the remainder when 88400422 is divided by 28261.
14
What is the remainder when 124199 is divided by 3258?
395
Calculate the remainder when 624014 is divided by 5032.
46
What is the remainder when 102169317 is divided by 1570?
1567
Calculate the remainder when 17016200 is divided by 384.
8
Calculate the remainder when 585778 is divided by 584970.
808
Calculate the remainder when 27846453 is divided by 1419.
1416
What is the remainder when 47542 is divided by 1631?
243
Calculate the remainder when 29160729 is divided by 543.
0
What is the remainder when 6803 is divided by 3146?
511
Calculate the remainder when 41089 is divided by 694.
143
Calculate the remainder when 1016361 is divided by 26.
21
Calculate the remainder when 4046064 is divided by 1721.
1714
Calculate the remainder when 9891582 is divided by 495.
492
What is the remainder when 1424231757 is divided by 345?
342
What is the remainder when 172326 is divided by 202?
20
What is the remainder when 957513 is divided by 478590?
333
What is the remainder when 445597 is divided by 5258?
3925
Calculate the remainder when 471130 is divided by 3002.
2818
What is the remainder when 5150082 is divided by 211?
205
Calculate the remainder when 1646221251 is divided by 3134.
3133
Calculate the remainder when 34480324 is divided by 19.
17
What is the remainder when 39762 is divided by 2465?
322
Calculate the remainder when 168825 is divided by 10547.
73
Calculate the remainder when 2291468 is divided by 143215.
28
Calculate the remainder when 149387 is divided by 58.
37
What is the remainder when 23841 is divided by 1319?
99
What is the remainder when 870765 is divided by 287497?
8274
Calculate the remainder when 690722 is divided by 255.
182
Calculate the remainder when 24041683 is divided by 2457.
2395
What is the remainder when 38691 is divided by 3468?
543
What is the remainder when 8267863 is divided by 71894?
53
Calculate the remainder when 117548064 is divided by 25252.
4
What is the remainder when 1002399153 is divided by 44?
41
What is the remainder when 17903 is divided by 4414?
247
What is the remainder when 161743 is divided by 6751?
6470
Calculate the remainder when 7153548 is divided by 247.
181
Calculate the remainder when 54810 is divided by 192.
90
What is the remainder when 10859201 is divided by 938?
913
What is the remainder when 163094 is divided by 81133?
828
Calculate the remainder when 196439703 is divided by 2252.
2247
What is the remainder when 1919132 is divided by 12794?
32
What is the remainder when 2625150 is divided by 2641?
2637
What is the remainder when 33252 is divided by 244?
68
Calculate the remainder when 130794136 is divided by 713.
703
What is the remainder when 31629758 is divided by 15814850?
58
What is the remainder when 311039 is divided by 2202?
557
What is the remainder when 1021633 is divided by 54?
7
Calculate the remainder when 1115211 is divided by 10048.
9931
What is the remainder when 17463315 is divided by 1316?
1311
Calculate the remainder when 66301469 is divided by 5221.
5211
Calculate the remainder when 52690175 is divided by 579.
17
What is the remainder when 13527 is divided by 66?
63
Calculate the remainder when 1929884 is divided by 133.
54
What is the remainder when 2201657 is divided by 1100609?
439
What is the remainder when 2287256 is divided by 1326?
1232
What is the remainder when 1365644062 is divided by 16?
14
Calculate the remainder when 921886 is divided by 2328.
2326
What is the remainder when 2999 is divided by 1389?
221
Calculate the remainder when 586324527 is divided by 1412.
1411
What is the remainder when 109320 is divided by 36353?
261
What is the remainder when 886654 is divided by 147585?
1144
What is the remainder when 11493 is divided by 10378?
1115
What is the remainder when 72504623 is divided by 146?
1
Calculate the remainder when 10290489 is divided by 72.
33
What is the remainder when 256181 is divided by 49700?
7681
Calculate the remainder when 161784 is divided by 50953.
8925
What is the remainder when 201323323 is divided by 4975?
4973
Calculate the remainder when 157776 is divided by 212.
48
What is the remainder when 1680964 is divided by 1751?
4
Calculate the remainder when 1488115 is divided by 124.
115
What is the remainder when 2071098 is divided by 132?
18
What is the remainder when 111035 is divided by 685?
65
What is the remainder when 16413577 is divided by 211?
98
What is the remainder when 44088 is divided by 683?
376
Calculate the remainder when 507643 is divided by 84136.
2827
Calculate the remainder when 379461606 is divided by 379.
363
What is the remainder when 6261292 is divided by 135?
127
What is the remainder when 2001955 is divided by 161?
81
Calculate the remainder when 229888 is divided by 12.
4
What is the remainder when 65404496 is divided by 261?
245
What is the remainder when 6145 is divided by 862?
111
What is the remainder when 26876276 is divided by 8958752?
20
Calculate the remainder when 205489 is divided by 2337.
2170
Calculate the remainder when 1333418 is divided by 46.
16
Calculate the remainder when 589344 is divided by 3316.
2412
What is the remainder when 2734635 is divided by 2525?
60
Calculate the remainder when 50264 is divided by 932.
868
Calculate the remainder when 3941278 is divided by 112.
110
What is the remainder when 1248024779 is divided by 45?
44
What is the remainder when 178521139 is divided by 92?
15
What is the remainder when 3809684 is divided by 71880?
44
Calculate the remainder when 694443130 is divided by 353.
350
Calculate the remainder when 28755023 is divided by 3.
2
Calculate the remainder when 7610028 is divided by 1848.
1812
Calculate the remainder when 971310 is divided by 49.
32
Calculate the remainder when 10254619 is divided by 2072.
291
Calculate the remainder when 112379 is divided by 65.
59
What is the remainder when 9750260 is divided by 348?
344
What is the remainder when 136663 is divided by 22769?
49
Calculate the remainder when 57377 is divided by 18662.
1391
Calculate the remainder when 292874 is divided by 7853.
2313
What is the remainder when 15421501 is divided by 56?
53
What is the remainder when 88282 is divided by 2940?
82
Calculate the remainder when 94006485 is divided by 3084.
3081
Calculate the remainder when 20501 is divided by 2275.
26
Calculate the remainder when 2010114 is divided by 1005054.
6
Calculate the remainder when 809939 is divided by 416.
403
Calculate the remainder when 10600854 is divided by 321238.
0
Calculate the remainder when 1036440 is divided by 207285.
15
Calculate the remainder when 419386 is divided by 2108.
2002
Calculate the remainder when 238613 is divided by 5181.
287
Calculate the remainder when 42144 is divided by 7879.
2749
Calculate the remainder when 10287 is divided by 5060.
167
What is the remainder when 9151621 is divided by 784?
773
Calculate the remainder when 549390 is divided by 79.
24
What is the remainder when 100701654 is divided by 233?
219
Calculate the remainder when 16376204 is divided by 